te the remainder when n is divided by 16.
13
Let t be (-1815)/(-25) + 4/10. Suppose -5*b + 4*b = 3*n - 55, 5*n = 3*b + t. Calculate the remainder when 32 is divided by n.
15
Let m(r) = -31*r + 2 + 14*r - 30*r. Calculate the remainder when m(-1) is divided by 25.
24
Let p = 10 + -11. Let q(f) = -9*f + 1. What is the remainder when q(p) is divided by 6?
4
Suppose -x - 18 = -4*x. Let f(t) be the second derivative of t**5/20 - 5*t**4/12 - t**3 + t**2 - t. Calculate the remainder when 2 is divided by f(x).
0
Let d = 1 + -12. Let j(q) = -q**2 - 12*q - 2. What is the remainder when j(d) is divided by 5?
4
Let g = 0 + -5. Let t = 2 - g. What is the remainder when t is divided by 4?
3
Suppose 2*m - 10 = -2. Suppose -16 = -h - 3*h, -49 = -5*i + m*h. Suppose -p = 4*p - 125. What is the remainder when p is divided by i?
12
Let f = -23 + 39. Suppose 0 = -5*v - 10, 4*b - 2*v = 88 + f. What is the remainder when b is divided by 13?
12
Suppose -2 = i - 3. What is the remainder when 2 is divided by i?
0
Let q(d) = d**2 + 6*d - 13. Suppose g - 73 = -5*i, -4*g - i + 6*i = -192. Calculate the remainder when g is divided by q(-9).
11
Let b(m) = -m**3 + 11*m**2 - 9*m + 3. Suppose 0*t - 54 = -2*t. Suppose -3*f = t - 102. What is the remainder when f is divided by b(10)?
12
Let c = -148 - -225. What is the remainder when c is divided by 4?
1
Suppose -46 = -2*x - 2*l, -5*x + 10*x + l - 119 = 0. Calculate the remainder when 71 is divided by x.
23
Let y(o) = -2*o + 7. Let a(u) = -u + 7. Let i(l) = 3*a(l) - 2*y(l). Let r be i(-6). What is the remainder when 29 is divided by (20/(-1))/(r - 3)?
9
Suppose 148 = 4*f + n, f - n = 2*n + 50. What is the remainder when f is divided by 4 + (-8)/2*(8 + -12)?
18
What is the remainder when 55 is divided by -2 + (-5)/((-20)/64)?
13
Let f(v) = v**2 + 3*v + 5. Suppose -2*j + 2*u = j - 47, 4*j + 5*u - 78 = 0. What is the remainder when j is divided by f(-4)?
8
Let r = 26 - 16. What is the remainder when 0 + 1/(-3)*-111 is divided by r?
7
Suppose 5*w + 3*n - 34 = 6*n, 2*n + 31 = 5*w. Let m(j) = -j**3 + 5*j**2 + 3*j - 1. Calculate the remainder when m(5) is divided by w.
4
Suppose -6*w + 7*w = -2*g + 45, 40 = g + 4*w. What is the remainder when 48 is divided by g?
8
Suppose 2*p + 2 = 0, -5*i + 5*p + 309 = 29. Calculate the remainder when i is divided by 14.
13
Let k(o) = o**3 + 2*o**2 - 4*o + 3. Let l = 9 + -3. Suppose 2*z - 17 = -5*y - 1, -z - l = -y. What is the remainder when k(2) is divided by y?
3
Suppose -5*d + 20 = 5*g, 0*g + 17 = 3*d + 2*g. What is the remainder when 43 is divided by d?
7
Suppose 3*w = -5*a + 526, 2*w = -2*a + 4*w + 220. What is the remainder when a is divided by 12?
11
Let w(z) = z**3 + 5 + 4 - 4*z + 4 - 10 - z**2. Calculate the remainder when 14 is divided by w(3).
5
Let q(m) = -11*m - 3. Let u be q(-3). Suppose 0 = -t + 3*t - u. Calculate the remainder when 29 is divided by t.
14
Suppose b = 67 - 184. Let v = 29 - 17. Calculate the remainder when 2/(-5) - b/5 is divided by v.
11
Let x(f) = -2*f**2 + 15*f - 6. What is the remainder when x(6) is divided by 2?
0
Let a be 4/(-20) - 9/5. Calculate the remainder when 29*2/(4 - 2) is divided by (0 - -5)/(a/(-6)).
14
Let u(y) = -y**3 + 4*y**2 + 3*y. What is the remainder when 31 is divided by u(4)?
7
Let j = -25 + 122. Calculate the remainder when j is divided by 25.
22
Calculate the remainder when 6*2/(-4) - -167 is divided by 33.
32
Let h(x) = -x**2 - 14*x - 14. What is the remainder when 75 is divided by h(-10)?
23
Suppose 1 = k - 58. Calculate the remainder when k is divided by 15.
14
Suppose 0*l - 9 = -l. Let m = 25 - l. Calculate the remainder when m is divided by 8/6*45/10.
4
Let q(g) = -g**3 + 15*g**2 - 23*g - 16. What is the remainder when q(13) is divided by 8?
7
Let f = 10 + 22. Calculate the remainder when 223 is divided by f.
31
Let k = -12 - -27. Let z be ((-20)/(-4))/(1 + 0). Suppose -3*a + 30 = a + g, -z*g = 10. What is the remainder when k is divided by a?
7
Suppose 0 = -j + 2*b - 3 - 4, 19 = 3*j + 4*b. Let m(v) = v**2 - v. Let l be m(j). Suppose q = -l*q + 50. Calculate the remainder when q is divided by 17.
16
Let w(c) = -c**2 + 12*c - 19. Calculate the remainder when 42 is divided by w(7).
10
Suppose 9 = 6*j - 15. Calculate the remainder when 5 is divided by j.
1
Suppose -3*l + 1 = -11. Suppose 0*x - 72 = -l*x. What is the remainder when 52 is divided by x?
16
Let j = 4 - 1. Let l be (-1)/(1/1 - 0). Calculate the remainder when 2 - j - (l + -55) is divided by 19.
17
Let a(b) = 3*b. Let h be a(2). Let g be (-454)/(-3) + h/9. Calculate the remainder when 14 is divided by g/20 - (-4)/10.
6
Suppose 0*h = 3*h - 102. Let y = 69 - 37. Suppose -4*a - 3*j = -45, -7*j + y = 3*a - 3*j. Calculate the remainder when h is divided by a.
10
Let x(g) = g**2 + 6*g - 6. Let y be 8/28 - (-51)/(-7). Calculate the remainder when 3 is divided by x(y).
0
Suppose 3*y - 2 - 39 = 4*a, -2*y + 28 = -2*a. Let j = 30 + 12. What is the remainder when j is divided by y?
12
Suppose 0 = -4*l - 47 - 21. Let n = -6 - l. Calculate the remainder when 31 is divided by n.
9
Suppose -4*g = -2*g + 5*v - 94, -4*v = 3*g - 141. What is the remainder when g is divided by 12?
11
Let o be (-1)/((-2)/(-4)) - -26. Suppose 0 = 3*u - u - o. What is the remainder when 35 is divided by u?
11
Let h be 1*-5*(1 - 0). Let r(u) = 5*u - 6. Let q(t) = 24*t - 30. Let y(a) = -3*q(a) + 14*r(a). What is the remainder when 46 is divided by y(h)?
14
Suppose 3*p + 4*z = 81, 2*p + 4*z = -13 + 67. What is the remainder when p is divided by 7?
6
Let i(k) = k**2 + 6*k + 10. What is the remainder when 29 is divided by i(-5)?
4
Suppose 5*w - z = 650, -5*z = -7*z. Calculate the remainder when w is divided by 19.
16
Suppose -5*p + 215 = 2*d, -3*d + 15 = -p + 41. Suppose -4*v + p + 7 = 0. Calculate the remainder when 33 is divided by v.
9
Suppose 5*z - 4*s = 0, 13 = 3*z - 6*z + 5*s. Suppose z*t - 41 = 27. Suppose 2*i = 2*y + 6, -5*i + i = y - t. Calculate the remainder when y is divided by 1.
0
Let g(p) = p**2 - p + 2. Suppose -4*w + 4 = -2*z, 1 + 6 = w + z. What is the remainder when g(w) is divided by 5?
3
Suppose -3*g = -2*g - 5. Suppose 39 + 36 = g*n. Calculate the remainder when (0 + -2)*58/(-4) is divided by n.
14
Calculate the remainder when (171/45)/((-1)/(-5)) is divided by 6.
1
Let c(x) = -2*x**3 - 4*x**2 - 3*x - 4. Let f(a) = a + 3. Let u be f(-6). What is the remainder when 43 is divided by c(u)?
20
Let c(n) = -n**2 - 3*n + 3. Let t(r) = r**2 - 5*r + 4. What is the remainder when t(5) is divided by c(-3)?
1
Let v = -6 + 0. Let n(r) = r**3 + 6*r**2 + r + 8. Let t be n(v). Suppose t*y = -y + 6. Calculate the remainder when y is divided by 2.
0
Let u = 45 - 65. Let q = u - -41. Let b = -25 + 36. What is the remainder when q is divided by b?
10
Let o(x) = -49*x**2 - x - 1. Let d be o(-1). Let v = 69 + d. Let j = 7 - 0. What is the remainder when v is divided by j?
6
Let q(j) = 19*j - 1. Suppose -2*c = -5*c + 57. Calculate the remainder when q(3) is divided by c.
18
Let n = -166 + 177. What is the remainder when 41 is divided by n?
8
Let u be 1*78 - 0 - 1. Let s = u + -51. Let d(o) = 10*o**2 - o. Calculate the remainder when s is divided by d(1).
8
Suppose -9*r = -4*r - 90. What is the remainder when 50 is divided by r?
14
Let d = 1 - 4. Calculate the remainder when d - (-2 - 52)/1 is divided by 26.
25
Suppose 3*s - 94 + 8 = -2*m, 111 = 3*s - 3*m. Calculate the remainder when 124 is divided by s.
28
Suppose -2*t - 5*w = -43, w = -4*t + t + 45. What is the remainder when -3*(2 + -15) + 1 is divided by t?
12
Let f = 28 - 19. What is the remainder when 25 is divided by f?
7
Let c = -11 - -15. Let y(d) = 3*d**2 - d + 1. Let u be y(1). Suppose -u*r - 2*r = -30. Calculate the remainder when r is divided by c.
2
Let s(f) = -f**2 + 13*f - 1. Let p(d) be the first derivative of -7*d**2 + 2. What is the remainder when s(7) is divided by p(-1)?
13
What is the remainder when (-714)/(-24) - 1/(-4) is divided by 16/(0 - -1 - 0)?
14
Suppose 7 = 4*g - 9. Suppose 2*r - 22 = -g. Calculate the remainder when 23 is divided by r.
5
Let f = -46 + 62. What is the remainder when 61 is divided by f?
13
Let z = 1390 + -887. Suppose 10*q - 2*f = 5*q + z, -510 = -5*q - 5*f. What is the remainder when q is divided by 34?
33
Let s be (-4)/10*-